{"id":16393,"date":"2021-01-21T16:32:12","date_gmt":"2021-01-21T16:32:12","guid":{"rendered":"https:\/\/estudiar.vamtam.com\/?page_id=16393"},"modified":"2026-01-12T18:26:44","modified_gmt":"2026-01-12T18:26:44","slug":"contacto","status":"publish","type":"page","link":"https:\/\/investiguem.com\/index.php\/contacto\/","title":{"rendered":"Contacto"},"content":{"rendered":"\t\t<div data-elementor-type=\"wp-page\" data-elementor-id=\"16393\" class=\"elementor elementor-16393\" data-elementor-post-type=\"page\">\n\t\t\t\t\t\t<section class=\"elementor-section elementor-top-section elementor-element elementor-element-c6ee56f elementor-section-height-min-height elementor-section-boxed elementor-section-height-default elementor-section-items-middle\" data-id=\"c6ee56f\" data-element_type=\"section\" data-e-type=\"section\" data-settings=\"{&quot;background_background&quot;:&quot;classic&quot;,&quot;animation&quot;:&quot;none&quot;}\">\n\t\t\t\t\t\t<div class=\"elementor-container elementor-column-gap-default\">\n\t\t\t\t\t<div class=\"elementor-column elementor-col-100 elementor-top-column elementor-element elementor-element-e34c971\" data-id=\"e34c971\" data-element_type=\"column\" data-e-type=\"column\" data-settings=\"{&quot;background_background&quot;:&quot;classic&quot;}\">\n\t\t\t<div class=\"elementor-widget-wrap\">\n\t\t\t\t\t\t\t<\/div>\n\t\t<\/div>\n\t\t\t\t\t<\/div>\n\t\t<\/section>\n\t\t\t\t<section class=\"elementor-section elementor-top-section elementor-element elementor-element-cc6afd3 elementor-section-boxed elementor-section-height-default elementor-section-height-default\" data-id=\"cc6afd3\" data-element_type=\"section\" data-e-type=\"section\" data-settings=\"{&quot;animation&quot;:&quot;none&quot;,&quot;animation_tablet&quot;:&quot;none&quot;,&quot;animation_mobile&quot;:&quot;none&quot;}\">\n\t\t\t\t\t\t<div class=\"elementor-container elementor-column-gap-no\">\n\t\t\t\t\t<div class=\"elementor-column elementor-col-50 elementor-top-column elementor-element elementor-element-6b15062 animated-fast elementor-invisible\" data-id=\"6b15062\" data-element_type=\"column\" data-e-type=\"column\" data-settings=\"{&quot;background_background&quot;:&quot;classic&quot;,&quot;animation&quot;:&quot;fadeIn&quot;,&quot;animation_delay&quot;:100}\">\n\t\t\t<div class=\"elementor-widget-wrap elementor-element-populated\">\n\t\t\t\t\t\t<div class=\"elementor-element elementor-element-7393a3a elementor-widget__width-auto elementor-widget-tablet__width-auto elementor-widget-mobile__width-inherit elementor-widget elementor-widget-heading\" data-id=\"7393a3a\" data-element_type=\"widget\" data-e-type=\"widget\" data-settings=\"{&quot;_animation&quot;:&quot;none&quot;,&quot;_animation_delay&quot;:200}\" data-widget_type=\"heading.heading_charityfy\">\n\t\t\t\t<div class=\"elementor-widget-container\">\n\t\t\t\t\t<h1 class=\"elementor-heading-title elementor-size-default\">Contacto<\/h1>\t\t\t\t<\/div>\n\t\t\t\t<\/div>\n\t\t\t\t<div class=\"elementor-element elementor-element-4c58e6a elementor-widget elementor-widget-spacer\" data-id=\"4c58e6a\" data-element_type=\"widget\" data-e-type=\"widget\" data-widget_type=\"spacer.default\">\n\t\t\t\t<div class=\"elementor-widget-container\">\n\t\t\t\t\t\t\t<div class=\"elementor-spacer\">\n\t\t\t<div class=\"elementor-spacer-inner\"><\/div>\n\t\t<\/div>\n\t\t\t\t\t\t<\/div>\n\t\t\t\t<\/div>\n\t\t\t\t\t<\/div>\n\t\t<\/div>\n\t\t\t\t<div class=\"elementor-column elementor-col-50 elementor-top-column elementor-element elementor-element-c501bff elementor-hidden-desktop elementor-hidden-tablet elementor-hidden-phone\" data-id=\"c501bff\" data-element_type=\"column\" data-e-type=\"column\">\n\t\t\t<div class=\"elementor-widget-wrap\">\n\t\t\t\t\t\t\t<\/div>\n\t\t<\/div>\n\t\t\t\t\t<\/div>\n\t\t<\/section>\n\t\t\t\t<section class=\"elementor-section elementor-top-section elementor-element elementor-element-0bb8986 elementor-section-boxed elementor-section-height-default elementor-section-height-default\" data-id=\"0bb8986\" data-element_type=\"section\" data-e-type=\"section\" data-settings=\"{&quot;background_background&quot;:&quot;classic&quot;}\">\n\t\t\t\t\t\t<div class=\"elementor-container elementor-column-gap-default\">\n\t\t\t\t\t<div class=\"elementor-column elementor-col-100 elementor-top-column elementor-element elementor-element-43d358a\" data-id=\"43d358a\" data-element_type=\"column\" data-e-type=\"column\">\n\t\t\t<div class=\"elementor-widget-wrap\">\n\t\t\t\t\t\t\t<\/div>\n\t\t<\/div>\n\t\t\t\t\t<\/div>\n\t\t<\/section>\n\t\t\t\t<section class=\"elementor-section elementor-top-section elementor-element elementor-element-556a01f elementor-section-boxed elementor-section-height-default elementor-section-height-default\" data-id=\"556a01f\" data-element_type=\"section\" data-e-type=\"section\" data-settings=\"{&quot;background_background&quot;:&quot;classic&quot;}\">\n\t\t\t\t\t\t<div class=\"elementor-container elementor-column-gap-default\">\n\t\t\t\t\t<div class=\"elementor-column elementor-col-50 elementor-top-column elementor-element elementor-element-a97984e\" data-id=\"a97984e\" data-element_type=\"column\" data-e-type=\"column\">\n\t\t\t<div class=\"elementor-widget-wrap elementor-element-populated\">\n\t\t\t\t\t\t<div class=\"elementor-element elementor-element-ea92708 elementor-widget elementor-widget-text-editor\" data-id=\"ea92708\" data-element_type=\"widget\" data-e-type=\"widget\" data-widget_type=\"text-editor.default\">\n\t\t\t\t<div class=\"elementor-widget-container\">\n\t\t\t\t\t\t\t\t\t<p><span style=\"font-size: xx-large; color: #ff5100;\"><b>Grupo<\/b><strong> de Investigaci\u00f3n\u00a0<\/strong><\/span><\/p><p><a style=\"font-family: inherit; font-size: inherit; font-style: inherit; font-variant-ligatures: inherit; font-variant-caps: inherit; font-weight: inherit; background-color: var( --e-global-color-vamtam_accent_5 ); letter-spacing: var(--vamtam-primary-font-letter-spacing-desktop,normal); text-transform: var(--vamtam-primary-font-transform,none);\" href=\"https:\/\/meicri.uji.es\/\" target=\"_blank\" rel=\"noopener\"><strong>MEICRI<\/strong><\/a><\/p><p><strong>Facultad de Ciencias Humanas y Sociales (Universitat Jaume I)<\/strong><b><\/b><\/p><p><b>Departamento de Pedagog\u00eda , Did\u00e1ctica de las Ciencias Sociales, la Lengua y la Literatura.<\/b><\/p><p>Avda. Vicent Sos Baynat, s\/n 12071<br \/>Castell\u00f3 de la Plana, Espa\u00f1a<\/p><p><a style=\"font-family: inherit; font-size: inherit; font-style: inherit; font-variant-ligatures: inherit; font-variant-caps: inherit; font-weight: inherit; background-color: var( --e-global-color-vamtam_accent_5 ); letter-spacing: var(--vamtam-primary-font-letter-spacing-desktop,normal); text-transform: var(--vamtam-primary-font-transform,none); color: #000000;\" href=\"mailto:meicri@googlegroups.com\">meicri@googlegroups.com<\/a><\/p><p style=\"font-style: normal; font-variant-ligatures: normal; font-variant-caps: normal; font-weight: 400; font-size: 18px; font-family: Quicksand, sans-serif;\"><span style=\"font-size: xx-large; color: #ff5100;\"><span style=\"font-weight: bold;\">Direcci\u00f3n\u00a0<\/span><\/span><\/p><p style=\"font-style: normal; font-variant-ligatures: normal; font-variant-caps: normal; font-size: 18px; font-family: Quicksand, sans-serif;\"><span style=\"color: #000000;\"><b>Odet Moliner Garc\u00eda\u00a0<\/b><\/span><\/p><p style=\"font-style: normal; font-variant-ligatures: normal; font-variant-caps: normal; font-weight: 400; font-size: 18px; font-family: Quicksand, sans-serif;\"><em><span style=\"color: #000000;\">Directora del Diploma UniDiversitat: Formaci\u00f3n para el Empleo y la Vida Independiente de J\u00f3venes con Discapacidad Intelectual, del Desarrollo y\/o del Espectro Autista (FUE-UJI, cofinanciado por la Fundaci\u00f3n ONCE y el Fondo Social Europeo)<\/span><\/em><\/p><p><span style=\"font-family: Quicksand, sans-serif; font-size: 18px; font-style: normal; font-variant-ligatures: normal; font-variant-caps: normal; font-weight: 400;\">964729809<\/span><span style=\"color: #000000;\"><br \/><\/span><\/p><p><span style=\"color: #000000;\"><a style=\"color: #000000;\" href=\"mailto:molgar@edu.uji.es\" target=\"_blank\" rel=\"noopener\">molgar@edu.uji.es<\/a>\u00a0<\/span><\/p><p><span style=\"color: #000000;\">\u00a0<\/span><\/p><div><span style=\"font-size: xx-large; color: #ff5100;\"><span style=\"font-weight: bold;\">Redes sociales<\/span><\/span><br \/><a href=\"https:\/\/www.instagram.com\/investiguem\/?utm_source=ig_web_button_share_sheet&amp;igsh=ZDNlZDc0MzIxNw%3D%3D\"><img decoding=\"async\" class=\"alignleft\" src=\"https:\/\/upload.wikimedia.org\/wikipedia\/commons\/thumb\/9\/95\/Instagram_logo_2022.svg\/2048px-Instagram_logo_2022.svg.png\" alt=\"Archivo:Instagram logo 2022.svg - Wikipedia, la enciclopedia ...\" width=\"96\" height=\"96\" \/><\/a><span style=\"font-size: xx-large; color: #ff5100;\"><span style=\"font-weight: bold;\"><br \/><\/span><\/span><\/div><div><strong>@investiguem<\/strong><\/div><div><span style=\"font-size: xx-large; color: #ff5100;\"><span style=\"font-weight: bold;\">\u00a0<\/span><\/span><\/div>\t\t\t\t\t\t\t\t<\/div>\n\t\t\t\t<\/div>\n\t\t\t\t\t<\/div>\n\t\t<\/div>\n\t\t\t\t<div class=\"elementor-column elementor-col-50 elementor-top-column elementor-element elementor-element-bbb0eaf\" data-id=\"bbb0eaf\" data-element_type=\"column\" data-e-type=\"column\" data-settings=\"{&quot;background_background&quot;:&quot;classic&quot;}\">\n\t\t\t<div class=\"elementor-widget-wrap elementor-element-populated\">\n\t\t\t\t\t\t<div class=\"elementor-element elementor-element-d03915f elementor-widget elementor-widget-google_maps\" data-id=\"d03915f\" data-element_type=\"widget\" data-e-type=\"widget\" data-widget_type=\"google_maps.default\">\n\t\t\t\t<div class=\"elementor-widget-container\">\n\t\t\t\t\t\t\t<div class=\"elementor-custom-embed\">\n\t\t\t<iframe loading=\"lazy\" loading=\"lazy\"\n\t\t\t\t\tsrc=\"https:\/\/maps.google.com\/maps?q=Universitat%20Jaume%20I%20Avd%2C%20Vicente%20Sos%20Baynat%2C%20Castell%C3%B3&#038;t=m&#038;z=15&#038;output=embed&#038;iwloc=near\"\n\t\t\t\t\ttitle=\"Universitat Jaume I Avd, Vicente Sos Baynat, Castell\u00f3\"\n\t\t\t\t\taria-label=\"Universitat Jaume I Avd, Vicente Sos Baynat, Castell\u00f3\"\n\t\t\t><\/iframe>\n\t\t<\/div>\n\t\t\t\t\t\t<\/div>\n\t\t\t\t<\/div>\n\t\t\t\t<div class=\"elementor-element elementor-element-2129ca4 elementor-widget elementor-widget-text-editor\" data-id=\"2129ca4\" data-element_type=\"widget\" data-e-type=\"widget\" data-widget_type=\"text-editor.default\">\n\t\t\t\t<div class=\"elementor-widget-container\">\n\t\t\t\t\t\t\t\t\t<p style=\"font-style: normal; font-variant-ligatures: normal; font-variant-caps: normal; font-weight: 400; font-size: 18px; font-family: Inter, sans-serif; text-align: center;\"><strong><span style=\"color: #000000;\">Escuela de Doctorado de la Universitat Jaume I<\/span><\/strong><\/p><p style=\"font-style: normal; font-variant-ligatures: normal; font-variant-caps: normal; font-weight: 400; font-size: 18px; font-family: Inter, sans-serif; text-align: center;\"><span style=\"font-family: 'Google Sans', Roboto, Arial, sans-serif; color: #999999;\"><span style=\"font-weight: 400; font-size: 22px;\">Universitat Jaume I Avd, Vicente Sos Baynat, Castell\u00f3<\/span><\/span><img decoding=\"async\" class=\"\" style=\"letter-spacing: 1.9px; text-align: center; background-color: var( --e-global-color-vamtam_accent_5 ); text-transform: var(--vamtam-primary-font-transform,none);\" src=\"https:\/\/e7.pngegg.com\/pngimages\/668\/335\/png-clipart-telephone-computer-icons-vektor-miscellaneous-blue-thumbnail.png\" alt=\"Vector de telefono png | PNGEgg\" width=\"29\" height=\"29\" \/><span style=\"color: #999999;\"> \u00a0<span style=\"font-family: 'Google Sans', Roboto, Arial, sans-serif;\"><span style=\"font-size: 22px;\">964387237<\/span><\/span><\/span><\/p><p style=\"text-align: center;\">\u00a0<\/p><div>\u00a0<\/div><p><a href=\"https:\/\/www.fue.uji.es\/ca\/formacio\/EX240169\" target=\"_blank\" rel=\"noopener\">Fundaci\u00f3n Universitat Jaume I Empresa (FUE-UJI)\u00a0<\/a><\/p><h6 style=\"text-align: center;\"><img decoding=\"async\" class=\"alignnone\" style=\"color: var( --e-global-color-vamtam_accent_6 ); font-family: var( --e-global-typography-vamtam_h6-font-family ), Sans-serif; font-size: var( --e-global-typography-vamtam_h6-font-size ); font-weight: var( --e-global-typography-vamtam_h6-font-weight ); letter-spacing: var(--vamtam-h6-letter-spacing-desktop,normal); text-transform: var( --e-global-typography-vamtam_h6-text-transform ); background-color: var( --e-global-color-vamtam_accent_5 );\" src=\"https:\/\/www.fue.uji.es\/images\/fundacion.png\" alt=\"Logo edificio FUE-UJI\" \/><\/h6><p><a href=\"https:\/\/www.fue.uji.es\/fundacion\/dondeestamos\">Campus Riu Sec.<br \/>Edificio de la Escuela de Doctorado y Consejo Social, s\/n<br \/>12071 Castell\u00f3 de la Plana, Espa\u00f1a<\/a><\/p><p><a href=\"tel:+34964387222\"> <img decoding=\"async\" class=\"\" style=\"letter-spacing: 1.9px; text-align: center; background-color: var( --e-global-color-vamtam_accent_5 ); text-transform: var(--vamtam-primary-font-transform,none);\" src=\"https:\/\/e7.pngegg.com\/pngimages\/668\/335\/png-clipart-telephone-computer-icons-vektor-miscellaneous-blue-thumbnail.png\" alt=\"Vector de telefono png | PNGEgg\" width=\"29\" height=\"29\" \/> 964 38 72 22<\/a><\/p>\t\t\t\t\t\t\t\t<\/div>\n\t\t\t\t<\/div>\n\t\t\t\t<div class=\"elementor-element elementor-element-fbaef6e elementor-widget elementor-widget-spacer\" data-id=\"fbaef6e\" data-element_type=\"widget\" data-e-type=\"widget\" data-widget_type=\"spacer.default\">\n\t\t\t\t<div class=\"elementor-widget-container\">\n\t\t\t\t\t\t\t<div class=\"elementor-spacer\">\n\t\t\t<div class=\"elementor-spacer-inner\"><\/div>\n\t\t<\/div>\n\t\t\t\t\t\t<\/div>\n\t\t\t\t<\/div>\n\t\t\t\t\t<\/div>\n\t\t<\/div>\n\t\t\t\t\t<\/div>\n\t\t<\/section>\n\t\t\t\t<section class=\"elementor-section elementor-top-section elementor-element elementor-element-e730e89 elementor-section-boxed elementor-section-height-default elementor-section-height-default\" data-id=\"e730e89\" data-element_type=\"section\" data-e-type=\"section\" data-settings=\"{&quot;background_background&quot;:&quot;classic&quot;}\">\n\t\t\t\t\t\t<div class=\"elementor-container elementor-column-gap-default\">\n\t\t\t\t\t<div class=\"elementor-column elementor-col-100 elementor-top-column elementor-element elementor-element-bc26dde\" data-id=\"bc26dde\" data-element_type=\"column\" data-e-type=\"column\">\n\t\t\t<div class=\"elementor-widget-wrap elementor-element-populated\">\n\t\t\t\t\t\t\t<\/div>\n\t\t<\/div>\n\t\t\t\t\t<\/div>\n\t\t<\/section>\n\t\t\t\t<\/div>\n\t\t","protected":false},"excerpt":{"rendered":"<p>Contacto Grupo de Investigaci\u00f3n\u00a0 MEICRI Facultad de Ciencias Humanas y Sociales (Universitat Jaume I) Departamento de Pedagog\u00eda , Did\u00e1ctica de las Ciencias Sociales, la Lengua y la Literatura. Avda. Vicent Sos Baynat, s\/n 12071Castell\u00f3 de la Plana, Espa\u00f1a meicri@googlegroups.com Direcci\u00f3n\u00a0 Odet Moliner Garc\u00eda\u00a0 Directora del Diploma UniDiversitat: Formaci\u00f3n para el Empleo y la Vida Independiente&#8230;<\/p>\n","protected":false},"author":1,"featured_media":0,"parent":0,"menu_order":0,"comment_status":"closed","ping_status":"closed","template":"","meta":{"footnotes":""},"class_list":["post-16393","page","type-page","status-publish","hentry"],"yoast_head":"<!-- This site is optimized with the Yoast SEO plugin v27.2 - https:\/\/yoast.com\/product\/yoast-seo-wordpress\/ -->\n<title>Contacto - Investiguem<\/title>\n<meta name=\"robots\" content=\"index, follow, max-snippet:-1, max-image-preview:large, max-video-preview:-1\" \/>\n<link rel=\"canonical\" href=\"https:\/\/investiguem.com\/index.php\/contacto\/\" \/>\n<meta property=\"og:locale\" content=\"es_ES\" \/>\n<meta property=\"og:type\" content=\"article\" \/>\n<meta property=\"og:title\" content=\"Contacto - Investiguem\" \/>\n<meta property=\"og:description\" content=\"Contacto Grupo de Investigaci\u00f3n\u00a0 MEICRI Facultad de Ciencias Humanas y Sociales (Universitat Jaume I) Departamento de Pedagog\u00eda , Did\u00e1ctica de las Ciencias Sociales, la Lengua y la Literatura. Avda. Vicent Sos Baynat, s\/n 12071Castell\u00f3 de la Plana, Espa\u00f1a meicri@googlegroups.com Direcci\u00f3n\u00a0 Odet Moliner Garc\u00eda\u00a0 Directora del Diploma UniDiversitat: Formaci\u00f3n para el Empleo y la Vida Independiente...\" \/>\n<meta property=\"og:url\" content=\"https:\/\/investiguem.com\/index.php\/contacto\/\" \/>\n<meta property=\"og:site_name\" content=\"Investiguem\" \/>\n<meta property=\"article:modified_time\" content=\"2026-01-12T18:26:44+00:00\" \/>\n<meta property=\"og:image\" content=\"https:\/\/upload.wikimedia.org\/wikipedia\/commons\/thumb\/9\/95\/Instagram_logo_2022.svg\/2048px-Instagram_logo_2022.svg.png\" \/>\n<meta name=\"twitter:card\" content=\"summary_large_image\" \/>\n<meta name=\"twitter:label1\" content=\"Tiempo de lectura\" \/>\n\t<meta name=\"twitter:data1\" content=\"2 minutos\" \/>\n<script type=\"application\/ld+json\" class=\"yoast-schema-graph\">{\"@context\":\"https:\/\/schema.org\",\"@graph\":[{\"@type\":\"WebPage\",\"@id\":\"https:\/\/investiguem.com\/index.php\/contacto\/\",\"url\":\"https:\/\/investiguem.com\/index.php\/contacto\/\",\"name\":\"Contacto - Investiguem\",\"isPartOf\":{\"@id\":\"https:\/\/investiguem.com\/#website\"},\"primaryImageOfPage\":{\"@id\":\"https:\/\/investiguem.com\/index.php\/contacto\/#primaryimage\"},\"image\":{\"@id\":\"https:\/\/investiguem.com\/index.php\/contacto\/#primaryimage\"},\"thumbnailUrl\":\"https:\/\/upload.wikimedia.org\/wikipedia\/commons\/thumb\/9\/95\/Instagram_logo_2022.svg\/2048px-Instagram_logo_2022.svg.png\",\"datePublished\":\"2021-01-21T16:32:12+00:00\",\"dateModified\":\"2026-01-12T18:26:44+00:00\",\"breadcrumb\":{\"@id\":\"https:\/\/investiguem.com\/index.php\/contacto\/#breadcrumb\"},\"inLanguage\":\"es\",\"potentialAction\":[{\"@type\":\"ReadAction\",\"target\":[\"https:\/\/investiguem.com\/index.php\/contacto\/\"]}]},{\"@type\":\"ImageObject\",\"inLanguage\":\"es\",\"@id\":\"https:\/\/investiguem.com\/index.php\/contacto\/#primaryimage\",\"url\":\"https:\/\/upload.wikimedia.org\/wikipedia\/commons\/thumb\/9\/95\/Instagram_logo_2022.svg\/2048px-Instagram_logo_2022.svg.png\",\"contentUrl\":\"https:\/\/upload.wikimedia.org\/wikipedia\/commons\/thumb\/9\/95\/Instagram_logo_2022.svg\/2048px-Instagram_logo_2022.svg.png\"},{\"@type\":\"BreadcrumbList\",\"@id\":\"https:\/\/investiguem.com\/index.php\/contacto\/#breadcrumb\",\"itemListElement\":[{\"@type\":\"ListItem\",\"position\":1,\"name\":\"Home\",\"item\":\"https:\/\/investiguem.com\/\"},{\"@type\":\"ListItem\",\"position\":2,\"name\":\"Contacto\"}]},{\"@type\":\"WebSite\",\"@id\":\"https:\/\/investiguem.com\/#website\",\"url\":\"https:\/\/investiguem.com\/\",\"name\":\"Investiguem\",\"description\":\"\",\"publisher\":{\"@id\":\"https:\/\/investiguem.com\/#organization\"},\"potentialAction\":[{\"@type\":\"SearchAction\",\"target\":{\"@type\":\"EntryPoint\",\"urlTemplate\":\"https:\/\/investiguem.com\/?s={search_term_string}\"},\"query-input\":{\"@type\":\"PropertyValueSpecification\",\"valueRequired\":true,\"valueName\":\"search_term_string\"}}],\"inLanguage\":\"es\"},{\"@type\":\"Organization\",\"@id\":\"https:\/\/investiguem.com\/#organization\",\"name\":\"Investiguem\",\"url\":\"https:\/\/investiguem.com\/\",\"logo\":{\"@type\":\"ImageObject\",\"inLanguage\":\"es\",\"@id\":\"https:\/\/investiguem.com\/#\/schema\/logo\/image\/\",\"url\":\"https:\/\/investiguem.com\/wp-content\/uploads\/2024\/11\/cropped-logo-investiguem.png\",\"contentUrl\":\"https:\/\/investiguem.com\/wp-content\/uploads\/2024\/11\/cropped-logo-investiguem.png\",\"width\":355,\"height\":293,\"caption\":\"Investiguem\"},\"image\":{\"@id\":\"https:\/\/investiguem.com\/#\/schema\/logo\/image\/\"}}]}<\/script>\n<!-- \/ Yoast SEO plugin. -->","yoast_head_json":{"title":"Contacto - Investiguem","robots":{"index":"index","follow":"follow","max-snippet":"max-snippet:-1","max-image-preview":"max-image-preview:large","max-video-preview":"max-video-preview:-1"},"canonical":"https:\/\/investiguem.com\/index.php\/contacto\/","og_locale":"es_ES","og_type":"article","og_title":"Contacto - Investiguem","og_description":"Contacto Grupo de Investigaci\u00f3n\u00a0 MEICRI Facultad de Ciencias Humanas y Sociales (Universitat Jaume I) Departamento de Pedagog\u00eda , Did\u00e1ctica de las Ciencias Sociales, la Lengua y la Literatura. Avda. Vicent Sos Baynat, s\/n 12071Castell\u00f3 de la Plana, Espa\u00f1a meicri@googlegroups.com Direcci\u00f3n\u00a0 Odet Moliner Garc\u00eda\u00a0 Directora del Diploma UniDiversitat: Formaci\u00f3n para el Empleo y la Vida Independiente...","og_url":"https:\/\/investiguem.com\/index.php\/contacto\/","og_site_name":"Investiguem","article_modified_time":"2026-01-12T18:26:44+00:00","og_image":[{"url":"https:\/\/upload.wikimedia.org\/wikipedia\/commons\/thumb\/9\/95\/Instagram_logo_2022.svg\/2048px-Instagram_logo_2022.svg.png","type":"","width":"","height":""}],"twitter_card":"summary_large_image","twitter_misc":{"Tiempo de lectura":"2 minutos"},"schema":{"@context":"https:\/\/schema.org","@graph":[{"@type":"WebPage","@id":"https:\/\/investiguem.com\/index.php\/contacto\/","url":"https:\/\/investiguem.com\/index.php\/contacto\/","name":"Contacto - Investiguem","isPartOf":{"@id":"https:\/\/investiguem.com\/#website"},"primaryImageOfPage":{"@id":"https:\/\/investiguem.com\/index.php\/contacto\/#primaryimage"},"image":{"@id":"https:\/\/investiguem.com\/index.php\/contacto\/#primaryimage"},"thumbnailUrl":"https:\/\/upload.wikimedia.org\/wikipedia\/commons\/thumb\/9\/95\/Instagram_logo_2022.svg\/2048px-Instagram_logo_2022.svg.png","datePublished":"2021-01-21T16:32:12+00:00","dateModified":"2026-01-12T18:26:44+00:00","breadcrumb":{"@id":"https:\/\/investiguem.com\/index.php\/contacto\/#breadcrumb"},"inLanguage":"es","potentialAction":[{"@type":"ReadAction","target":["https:\/\/investiguem.com\/index.php\/contacto\/"]}]},{"@type":"ImageObject","inLanguage":"es","@id":"https:\/\/investiguem.com\/index.php\/contacto\/#primaryimage","url":"https:\/\/upload.wikimedia.org\/wikipedia\/commons\/thumb\/9\/95\/Instagram_logo_2022.svg\/2048px-Instagram_logo_2022.svg.png","contentUrl":"https:\/\/upload.wikimedia.org\/wikipedia\/commons\/thumb\/9\/95\/Instagram_logo_2022.svg\/2048px-Instagram_logo_2022.svg.png"},{"@type":"BreadcrumbList","@id":"https:\/\/investiguem.com\/index.php\/contacto\/#breadcrumb","itemListElement":[{"@type":"ListItem","position":1,"name":"Home","item":"https:\/\/investiguem.com\/"},{"@type":"ListItem","position":2,"name":"Contacto"}]},{"@type":"WebSite","@id":"https:\/\/investiguem.com\/#website","url":"https:\/\/investiguem.com\/","name":"Investiguem","description":"","publisher":{"@id":"https:\/\/investiguem.com\/#organization"},"potentialAction":[{"@type":"SearchAction","target":{"@type":"EntryPoint","urlTemplate":"https:\/\/investiguem.com\/?s={search_term_string}"},"query-input":{"@type":"PropertyValueSpecification","valueRequired":true,"valueName":"search_term_string"}}],"inLanguage":"es"},{"@type":"Organization","@id":"https:\/\/investiguem.com\/#organization","name":"Investiguem","url":"https:\/\/investiguem.com\/","logo":{"@type":"ImageObject","inLanguage":"es","@id":"https:\/\/investiguem.com\/#\/schema\/logo\/image\/","url":"https:\/\/investiguem.com\/wp-content\/uploads\/2024\/11\/cropped-logo-investiguem.png","contentUrl":"https:\/\/investiguem.com\/wp-content\/uploads\/2024\/11\/cropped-logo-investiguem.png","width":355,"height":293,"caption":"Investiguem"},"image":{"@id":"https:\/\/investiguem.com\/#\/schema\/logo\/image\/"}}]}},"_links":{"self":[{"href":"https:\/\/investiguem.com\/index.php\/wp-json\/wp\/v2\/pages\/16393","targetHints":{"allow":["GET"]}}],"collection":[{"href":"https:\/\/investiguem.com\/index.php\/wp-json\/wp\/v2\/pages"}],"about":[{"href":"https:\/\/investiguem.com\/index.php\/wp-json\/wp\/v2\/types\/page"}],"author":[{"embeddable":true,"href":"https:\/\/investiguem.com\/index.php\/wp-json\/wp\/v2\/users\/1"}],"replies":[{"embeddable":true,"href":"https:\/\/investiguem.com\/index.php\/wp-json\/wp\/v2\/comments?post=16393"}],"version-history":[{"count":123,"href":"https:\/\/investiguem.com\/index.php\/wp-json\/wp\/v2\/pages\/16393\/revisions"}],"predecessor-version":[{"id":25715,"href":"https:\/\/investiguem.com\/index.php\/wp-json\/wp\/v2\/pages\/16393\/revisions\/25715"}],"wp:attachment":[{"href":"https:\/\/investiguem.com\/index.php\/wp-json\/wp\/v2\/media?parent=16393"}],"curies":[{"name":"wp","href":"https:\/\/api.w.org\/{rel}","templated":true}]}}